{"id":4058,"date":"2023-07-01T21:13:04","date_gmt":"2023-07-01T21:13:04","guid":{"rendered":"https:\/\/blikopgeld.nl\/?page_id=4058"},"modified":"2024-06-24T11:31:48","modified_gmt":"2024-06-24T11:31:48","slug":"overmij","status":"publish","type":"page","link":"https:\/\/blikopgeld.nl\/index.php\/overmij\/","title":{"rendered":"Over mij"},"content":{"rendered":"\t\t<div data-elementor-type=\"wp-page\" data-elementor-id=\"4058\" class=\"elementor elementor-4058\">\n\t\t\t\t\t\t<section class=\"elementor-section elementor-top-section elementor-element elementor-element-1c6cb53 elementor-section-boxed elementor-section-height-default elementor-section-height-default\" data-id=\"1c6cb53\" data-element_type=\"section\" data-e-type=\"section\">\n\t\t\t\t\t\t<div class=\"elementor-container elementor-column-gap-default\">\n\t\t\t\t\t<div class=\"elementor-column elementor-col-100 elementor-top-column elementor-element elementor-element-348e500\" data-id=\"348e500\" data-element_type=\"column\" data-e-type=\"column\">\n\t\t\t<div class=\"elementor-widget-wrap elementor-element-populated\">\n\t\t\t\t\t\t<div class=\"elementor-element elementor-element-dc542cc elementor-widget elementor-widget-heading\" data-id=\"dc542cc\" data-element_type=\"widget\" data-e-type=\"widget\" data-widget_type=\"heading.default\">\n\t\t\t\t<div class=\"elementor-widget-container\">\n\t\t\t\t\t<h2 class=\"elementor-heading-title elementor-size-default\"><br>Over mij<\/h2>\t\t\t\t<\/div>\n\t\t\t\t<\/div>\n\t\t\t\t\t<\/div>\n\t\t<\/div>\n\t\t\t\t\t<\/div>\n\t\t<\/section>\n\t\t\t\t<section class=\"elementor-section elementor-top-section elementor-element elementor-element-81c2232 elementor-section-boxed elementor-section-height-default elementor-section-height-default\" data-id=\"81c2232\" data-element_type=\"section\" data-e-type=\"section\">\n\t\t\t\t\t\t<div class=\"elementor-container elementor-column-gap-default\">\n\t\t\t\t\t<div class=\"elementor-column elementor-col-100 elementor-top-column elementor-element elementor-element-e2c74ec\" data-id=\"e2c74ec\" data-element_type=\"column\" data-e-type=\"column\">\n\t\t\t<div class=\"elementor-widget-wrap elementor-element-populated\">\n\t\t\t\t\t\t<div class=\"elementor-element elementor-element-4e34c06 elementor-widget__width-initial elementor-widget elementor-widget-text-editor\" data-id=\"4e34c06\" data-element_type=\"widget\" data-e-type=\"widget\" data-widget_type=\"text-editor.default\">\n\t\t\t\t<div class=\"elementor-widget-container\">\n\t\t\t\t\t\t\t\t\t<p><img fetchpriority=\"high\" decoding=\"async\" class=\"wp-image-4603 alignleft\" src=\"https:\/\/blikopgeld.nl\/wp-content\/uploads\/2024\/01\/Jorik-ter-Horst-over-mij.jpg\" alt=\"\" width=\"244\" height=\"368\" srcset=\"https:\/\/blikopgeld.nl\/wp-content\/uploads\/2024\/01\/Jorik-ter-Horst-over-mij.jpg 344w, https:\/\/blikopgeld.nl\/wp-content\/uploads\/2024\/01\/Jorik-ter-Horst-over-mij-199x300.jpg 199w\" sizes=\"(max-width: 244px) 100vw, 244px\" \/><\/p><p>Al ruim 20 jaar heb ik ervaring opgebouwd in personal finance. Mijn interesse ontstond toen ik \u2013 al op jonge leeftijd \u2013 mijn eerste stappen zette in beleggen. Het begon als een leuk spel, maar zonder doel blijft het natuurlijk niet leuk. Om de bedrijven waarin ik belegde beter te begrijpen verdiepte ik mij in boekhouding. Met het stellen van financi\u00eble doelen startte ik met het opbouwen van kennis over persoonlijke financi\u00ebn. Wat destijds begon als een hobby veranderde in een missie: het delen van mijn kennis met anderen.<br \/><br \/>Aanvankelijk deelde ik mijn kennis in mijn directe omgeving, maar ik besefte al snel dat heel veel mensen behoefte hebben aan financi\u00eble kennis en een beter overzicht van hun persoonlijke financi\u00ebn. In een wereld waar regels steeds complexer en veranderlijker worden, is het cruciaal om zelf grip te hebben op je geldzaken.<br \/><br \/>Als financieel coach help ik je graag om je financi\u00eble doelen te bereiken. Misschien wil je leren hoe je eenvoudig overzicht behoudt, effici\u00ebnt budgetteert, slim bezuinigt \u00f3f misschien hoe je als (startende) ondernemer een goede financi\u00eble basis legt en verstandige financi\u00eble keuzes maakt. Ik help je er graag bij. Samen zorgen we ervoor dat jouw financi\u00eble toekomst er beter uit gaat zien en je met vertrouwen je dromen kunt najagen. <br \/><br \/>Ontdek hoe je met de juiste kennis en strategie\u00ebn het beste uit je geld kunt halen. Jouw weg naar financi\u00eble vrijheid begint hier.<\/p><p><img decoding=\"async\" class=\"alignnone wp-image-4022\" src=\"https:\/\/blikopgeld.nl\/wp-content\/uploads\/2023\/06\/Jorik-300x251.png\" alt=\"\" width=\"200\" height=\"168\" srcset=\"https:\/\/blikopgeld.nl\/wp-content\/uploads\/2023\/06\/Jorik-300x251.png 300w, https:\/\/blikopgeld.nl\/wp-content\/uploads\/2023\/06\/Jorik-768x644.png 768w, https:\/\/blikopgeld.nl\/wp-content\/uploads\/2023\/06\/Jorik.png 940w\" sizes=\"(max-width: 200px) 100vw, 200px\" \/><\/p>\t\t\t\t\t\t\t\t<\/div>\n\t\t\t\t<\/div>\n\t\t\t\t\t<\/div>\n\t\t<\/div>\n\t\t\t\t\t<\/div>\n\t\t<\/section>\n\t\t\t\t<\/div>\n\t\t","protected":false},"excerpt":{"rendered":"<p>Over mij Al ruim 20 jaar heb ik ervaring opgebouwd in personal finance. Mijn interesse ontstond toen ik \u2013 al op jonge leeftijd \u2013 mijn eerste stappen zette in beleggen. Het begon als een leuk spel, maar zonder doel blijft het natuurlijk niet leuk. Om de bedrijven waarin ik belegde beter te begrijpen verdiepte ik [&hellip;]<\/p>\n","protected":false},"author":1,"featured_media":0,"parent":0,"menu_order":0,"comment_status":"closed","ping_status":"closed","template":"","meta":{"om_disable_all_campaigns":false,"_uag_custom_page_level_css":"","_monsterinsights_skip_tracking":false,"_monsterinsights_sitenote_active":false,"_monsterinsights_sitenote_note":"","_monsterinsights_sitenote_category":0,"site-sidebar-layout":"no-sidebar","site-content-layout":"page-builder","ast-site-content-layout":"default","site-content-style":"default","site-sidebar-style":"default","ast-global-header-display":"","ast-banner-title-visibility":"","ast-main-header-display":"","ast-hfb-above-header-display":"","ast-hfb-below-header-display":"","ast-hfb-mobile-header-display":"","site-post-title":"disabled","ast-breadcrumbs-content":"","ast-featured-img":"disabled","footer-sml-layout":"","ast-disable-related-posts":"","theme-transparent-header-meta":"","adv-header-id-meta":"","stick-header-meta":"","header-above-stick-meta":"","header-main-stick-meta":"","header-below-stick-meta":"","astra-migrate-meta-layouts":"default","ast-page-background-enabled":"default","ast-page-background-meta":{"desktop":{"background-color":"","background-image":"","background-repeat":"repeat","background-position":"center center","background-size":"auto","background-attachment":"scroll","background-type":"","background-media":"","overlay-type":"","overlay-color":"","overlay-opacity":"","overlay-gradient":""},"tablet":{"background-color":"","background-image":"","background-repeat":"repeat","background-position":"center center","background-size":"auto","background-attachment":"scroll","background-type":"","background-media":"","overlay-type":"","overlay-color":"","overlay-opacity":"","overlay-gradient":""},"mobile":{"background-color":"","background-image":"","background-repeat":"repeat","background-position":"center center","background-size":"auto","background-attachment":"scroll","background-type":"","background-media":"","overlay-type":"","overlay-color":"","overlay-opacity":"","overlay-gradient":""}},"ast-content-background-meta":{"desktop":{"background-color":"var(--ast-global-color-5)","background-image":"","background-repeat":"repeat","background-position":"center center","background-size":"auto","background-attachment":"scroll","background-type":"","background-media":"","overlay-type":"","overlay-color":"","overlay-opacity":"","overlay-gradient":""},"tablet":{"background-color":"var(--ast-global-color-5)","background-image":"","background-repeat":"repeat","background-position":"center center","background-size":"auto","background-attachment":"scroll","background-type":"","background-media":"","overlay-type":"","overlay-color":"","overlay-opacity":"","overlay-gradient":""},"mobile":{"background-color":"var(--ast-global-color-5)","background-image":"","background-repeat":"repeat","background-position":"center center","background-size":"auto","background-attachment":"scroll","background-type":"","background-media":"","overlay-type":"","overlay-color":"","overlay-opacity":"","overlay-gradient":""}},"footnotes":""},"class_list":["post-4058","page","type-page","status-publish","hentry"],"yoast_head":"<!-- This site is optimized with the Yoast SEO Premium plugin v25.3 (Yoast SEO v27.3) - https:\/\/yoast.com\/product\/yoast-seo-premium-wordpress\/ -->\n<title>Over mij - blikopgeld.nl<\/title>\n<meta name=\"description\" content=\"Blikopgeld.nl - Financieel inzicht voor het leven van je droom\" \/>\n<meta name=\"robots\" content=\"index, follow, max-snippet:-1, max-image-preview:large, max-video-preview:-1\" \/>\n<link rel=\"canonical\" href=\"https:\/\/blikopgeld.nl\/index.php\/overmij\/\" \/>\n<meta property=\"og:locale\" content=\"nl_NL\" \/>\n<meta property=\"og:type\" content=\"article\" \/>\n<meta property=\"og:title\" content=\"Over mij\" \/>\n<meta property=\"og:description\" content=\"Blikopgeld.nl - Financieel inzicht voor het leven van je droom\" \/>\n<meta property=\"og:url\" content=\"https:\/\/blikopgeld.nl\/index.php\/overmij\/\" \/>\n<meta property=\"og:site_name\" content=\"blikopgeld.nl\" \/>\n<meta property=\"article:publisher\" content=\"https:\/\/www.facebook.com\/blikopgeld\" \/>\n<meta property=\"article:modified_time\" content=\"2024-06-24T11:31:48+00:00\" \/>\n<meta property=\"og:image\" content=\"http:\/\/blikopgeld.nl\/wp-content\/uploads\/2024\/01\/Jorik-ter-Horst-over-mij.jpg\" \/>\n<meta name=\"twitter:card\" content=\"summary_large_image\" \/>\n<meta name=\"twitter:label1\" content=\"Geschatte leestijd\" \/>\n\t<meta name=\"twitter:data1\" content=\"2 minuten\" \/>\n<script type=\"application\/ld+json\" class=\"yoast-schema-graph\">{\"@context\":\"https:\\\/\\\/schema.org\",\"@graph\":[{\"@type\":\"WebPage\",\"@id\":\"https:\\\/\\\/blikopgeld.nl\\\/index.php\\\/overmij\\\/\",\"url\":\"https:\\\/\\\/blikopgeld.nl\\\/index.php\\\/overmij\\\/\",\"name\":\"Over mij - blikopgeld.nl\",\"isPartOf\":{\"@id\":\"https:\\\/\\\/blikopgeld.nl\\\/#website\"},\"primaryImageOfPage\":{\"@id\":\"https:\\\/\\\/blikopgeld.nl\\\/index.php\\\/overmij\\\/#primaryimage\"},\"image\":{\"@id\":\"https:\\\/\\\/blikopgeld.nl\\\/index.php\\\/overmij\\\/#primaryimage\"},\"thumbnailUrl\":\"http:\\\/\\\/blikopgeld.nl\\\/wp-content\\\/uploads\\\/2024\\\/01\\\/Jorik-ter-Horst-over-mij.jpg\",\"datePublished\":\"2023-07-01T21:13:04+00:00\",\"dateModified\":\"2024-06-24T11:31:48+00:00\",\"description\":\"Blikopgeld.nl - Financieel inzicht voor het leven van je droom\",\"breadcrumb\":{\"@id\":\"https:\\\/\\\/blikopgeld.nl\\\/index.php\\\/overmij\\\/#breadcrumb\"},\"inLanguage\":\"nl-NL\",\"potentialAction\":[{\"@type\":\"ReadAction\",\"target\":[\"https:\\\/\\\/blikopgeld.nl\\\/index.php\\\/overmij\\\/\"]}]},{\"@type\":\"ImageObject\",\"inLanguage\":\"nl-NL\",\"@id\":\"https:\\\/\\\/blikopgeld.nl\\\/index.php\\\/overmij\\\/#primaryimage\",\"url\":\"http:\\\/\\\/blikopgeld.nl\\\/wp-content\\\/uploads\\\/2024\\\/01\\\/Jorik-ter-Horst-over-mij.jpg\",\"contentUrl\":\"http:\\\/\\\/blikopgeld.nl\\\/wp-content\\\/uploads\\\/2024\\\/01\\\/Jorik-ter-Horst-over-mij.jpg\"},{\"@type\":\"BreadcrumbList\",\"@id\":\"https:\\\/\\\/blikopgeld.nl\\\/index.php\\\/overmij\\\/#breadcrumb\",\"itemListElement\":[{\"@type\":\"ListItem\",\"position\":1,\"name\":\"Home\",\"item\":\"https:\\\/\\\/blikopgeld.nl\\\/\"},{\"@type\":\"ListItem\",\"position\":2,\"name\":\"Over mij\"}]},{\"@type\":\"WebSite\",\"@id\":\"https:\\\/\\\/blikopgeld.nl\\\/#website\",\"url\":\"https:\\\/\\\/blikopgeld.nl\\\/\",\"name\":\"blikopgeld.nl\",\"description\":\"Jouw financi\u00ebn eenvoudig op orde\",\"publisher\":{\"@id\":\"https:\\\/\\\/blikopgeld.nl\\\/#organization\"},\"alternateName\":\"Blik op Geld\",\"potentialAction\":[{\"@type\":\"SearchAction\",\"target\":{\"@type\":\"EntryPoint\",\"urlTemplate\":\"https:\\\/\\\/blikopgeld.nl\\\/?s={search_term_string}\"},\"query-input\":{\"@type\":\"PropertyValueSpecification\",\"valueRequired\":true,\"valueName\":\"search_term_string\"}}],\"inLanguage\":\"nl-NL\"},{\"@type\":\"Organization\",\"@id\":\"https:\\\/\\\/blikopgeld.nl\\\/#organization\",\"name\":\"Blikopgeld.nl\",\"alternateName\":\"Blik op Geld\",\"url\":\"https:\\\/\\\/blikopgeld.nl\\\/\",\"logo\":{\"@type\":\"ImageObject\",\"inLanguage\":\"nl-NL\",\"@id\":\"https:\\\/\\\/blikopgeld.nl\\\/#\\\/schema\\\/logo\\\/image\\\/\",\"url\":\"https:\\\/\\\/blikopgeld.nl\\\/wp-content\\\/uploads\\\/2023\\\/02\\\/cropped-BOG.png\",\"contentUrl\":\"https:\\\/\\\/blikopgeld.nl\\\/wp-content\\\/uploads\\\/2023\\\/02\\\/cropped-BOG.png\",\"width\":482,\"height\":475,\"caption\":\"Blikopgeld.nl\"},\"image\":{\"@id\":\"https:\\\/\\\/blikopgeld.nl\\\/#\\\/schema\\\/logo\\\/image\\\/\"},\"sameAs\":[\"https:\\\/\\\/www.facebook.com\\\/blikopgeld\",\"https:\\\/\\\/www.instagram.com\\\/blikopgeld\\\/\",\"https:\\\/\\\/www.pinterest.com\\\/blikopgeld\\\/\"],\"description\":\"Blikopgeld.nl helpt mensen eenvoudig hun financi\u00ebn op orde te brengen door middel van informatie, tips en coaching op het gebied van persoonlijke financi\u00ebn.\",\"email\":\"info@blikopgeld.nl\",\"foundingDate\":\"2023-05-04\",\"numberOfEmployees\":{\"@type\":\"QuantitativeValue\",\"minValue\":\"1\",\"maxValue\":\"10\"}}]}<\/script>\n<!-- \/ Yoast SEO Premium plugin. -->","yoast_head_json":{"title":"Over mij - blikopgeld.nl","description":"Blikopgeld.nl - Financieel inzicht voor het leven van je droom","robots":{"index":"index","follow":"follow","max-snippet":"max-snippet:-1","max-image-preview":"max-image-preview:large","max-video-preview":"max-video-preview:-1"},"canonical":"https:\/\/blikopgeld.nl\/index.php\/overmij\/","og_locale":"nl_NL","og_type":"article","og_title":"Over mij","og_description":"Blikopgeld.nl - Financieel inzicht voor het leven van je droom","og_url":"https:\/\/blikopgeld.nl\/index.php\/overmij\/","og_site_name":"blikopgeld.nl","article_publisher":"https:\/\/www.facebook.com\/blikopgeld","article_modified_time":"2024-06-24T11:31:48+00:00","og_image":[{"url":"http:\/\/blikopgeld.nl\/wp-content\/uploads\/2024\/01\/Jorik-ter-Horst-over-mij.jpg","type":"","width":"","height":""}],"twitter_card":"summary_large_image","twitter_misc":{"Geschatte leestijd":"2 minuten"},"schema":{"@context":"https:\/\/schema.org","@graph":[{"@type":"WebPage","@id":"https:\/\/blikopgeld.nl\/index.php\/overmij\/","url":"https:\/\/blikopgeld.nl\/index.php\/overmij\/","name":"Over mij - blikopgeld.nl","isPartOf":{"@id":"https:\/\/blikopgeld.nl\/#website"},"primaryImageOfPage":{"@id":"https:\/\/blikopgeld.nl\/index.php\/overmij\/#primaryimage"},"image":{"@id":"https:\/\/blikopgeld.nl\/index.php\/overmij\/#primaryimage"},"thumbnailUrl":"http:\/\/blikopgeld.nl\/wp-content\/uploads\/2024\/01\/Jorik-ter-Horst-over-mij.jpg","datePublished":"2023-07-01T21:13:04+00:00","dateModified":"2024-06-24T11:31:48+00:00","description":"Blikopgeld.nl - Financieel inzicht voor het leven van je droom","breadcrumb":{"@id":"https:\/\/blikopgeld.nl\/index.php\/overmij\/#breadcrumb"},"inLanguage":"nl-NL","potentialAction":[{"@type":"ReadAction","target":["https:\/\/blikopgeld.nl\/index.php\/overmij\/"]}]},{"@type":"ImageObject","inLanguage":"nl-NL","@id":"https:\/\/blikopgeld.nl\/index.php\/overmij\/#primaryimage","url":"http:\/\/blikopgeld.nl\/wp-content\/uploads\/2024\/01\/Jorik-ter-Horst-over-mij.jpg","contentUrl":"http:\/\/blikopgeld.nl\/wp-content\/uploads\/2024\/01\/Jorik-ter-Horst-over-mij.jpg"},{"@type":"BreadcrumbList","@id":"https:\/\/blikopgeld.nl\/index.php\/overmij\/#breadcrumb","itemListElement":[{"@type":"ListItem","position":1,"name":"Home","item":"https:\/\/blikopgeld.nl\/"},{"@type":"ListItem","position":2,"name":"Over mij"}]},{"@type":"WebSite","@id":"https:\/\/blikopgeld.nl\/#website","url":"https:\/\/blikopgeld.nl\/","name":"blikopgeld.nl","description":"Jouw financi\u00ebn eenvoudig op orde","publisher":{"@id":"https:\/\/blikopgeld.nl\/#organization"},"alternateName":"Blik op Geld","potentialAction":[{"@type":"SearchAction","target":{"@type":"EntryPoint","urlTemplate":"https:\/\/blikopgeld.nl\/?s={search_term_string}"},"query-input":{"@type":"PropertyValueSpecification","valueRequired":true,"valueName":"search_term_string"}}],"inLanguage":"nl-NL"},{"@type":"Organization","@id":"https:\/\/blikopgeld.nl\/#organization","name":"Blikopgeld.nl","alternateName":"Blik op Geld","url":"https:\/\/blikopgeld.nl\/","logo":{"@type":"ImageObject","inLanguage":"nl-NL","@id":"https:\/\/blikopgeld.nl\/#\/schema\/logo\/image\/","url":"https:\/\/blikopgeld.nl\/wp-content\/uploads\/2023\/02\/cropped-BOG.png","contentUrl":"https:\/\/blikopgeld.nl\/wp-content\/uploads\/2023\/02\/cropped-BOG.png","width":482,"height":475,"caption":"Blikopgeld.nl"},"image":{"@id":"https:\/\/blikopgeld.nl\/#\/schema\/logo\/image\/"},"sameAs":["https:\/\/www.facebook.com\/blikopgeld","https:\/\/www.instagram.com\/blikopgeld\/","https:\/\/www.pinterest.com\/blikopgeld\/"],"description":"Blikopgeld.nl helpt mensen eenvoudig hun financi\u00ebn op orde te brengen door middel van informatie, tips en coaching op het gebied van persoonlijke financi\u00ebn.","email":"info@blikopgeld.nl","foundingDate":"2023-05-04","numberOfEmployees":{"@type":"QuantitativeValue","minValue":"1","maxValue":"10"}}]}},"uagb_featured_image_src":{"full":false,"thumbnail":false,"medium":false,"medium_large":false,"large":false,"1536x1536":false,"2048x2048":false,"bdpp-medium":false},"uagb_author_info":{"display_name":"admin","author_link":"https:\/\/blikopgeld.nl\/index.php\/author\/jorikterhorstgmail-com\/"},"uagb_comment_info":0,"uagb_excerpt":"Over mij Al ruim 20 jaar heb ik ervaring opgebouwd in personal finance. Mijn interesse ontstond toen ik \u2013 al op jonge leeftijd \u2013 mijn eerste stappen zette in beleggen. Het begon als een leuk spel, maar zonder doel blijft het natuurlijk niet leuk. Om de bedrijven waarin ik belegde beter te begrijpen verdiepte ik&hellip;","_links":{"self":[{"href":"https:\/\/blikopgeld.nl\/index.php\/wp-json\/wp\/v2\/pages\/4058","targetHints":{"allow":["GET"]}}],"collection":[{"href":"https:\/\/blikopgeld.nl\/index.php\/wp-json\/wp\/v2\/pages"}],"about":[{"href":"https:\/\/blikopgeld.nl\/index.php\/wp-json\/wp\/v2\/types\/page"}],"author":[{"embeddable":true,"href":"https:\/\/blikopgeld.nl\/index.php\/wp-json\/wp\/v2\/users\/1"}],"replies":[{"embeddable":true,"href":"https:\/\/blikopgeld.nl\/index.php\/wp-json\/wp\/v2\/comments?post=4058"}],"version-history":[{"count":44,"href":"https:\/\/blikopgeld.nl\/index.php\/wp-json\/wp\/v2\/pages\/4058\/revisions"}],"predecessor-version":[{"id":4951,"href":"https:\/\/blikopgeld.nl\/index.php\/wp-json\/wp\/v2\/pages\/4058\/revisions\/4951"}],"wp:attachment":[{"href":"https:\/\/blikopgeld.nl\/index.php\/wp-json\/wp\/v2\/media?parent=4058"}],"curies":[{"name":"wp","href":"https:\/\/api.w.org\/{rel}","templated":true}]}}